-560). Let g(l) = 9*l**3 - l**2 + 2. Calculate g(z).
-8
Let r(w) be the first derivative of w**3/3 + w**2/2 - 7*w + 1. Suppose -4 = -2*g - 2*y, -42*g + 46*g - 4*y + 8 = 0. Determine r(g).
-7
Let b(q) = 3*q - 6. Let y(r) = 14*r**2 + 52*r - 7. Let h = 730 - 734. Let a be y(h). What is b(a)?
21
Let g(p) = -p**3 - 4*p**3 - 4 + 29*p**3 + p**2 + 5*p - 7*p**3 - 18*p**3. Give g(3).
-7
Let d(o) = o + 3. Let m be (150/54 + (-4)/(-18))/(-1). Let l be (1 + m)/2*0. Suppose c - 17 - 15 = -5*v, c + v - 12 = l. Determine d(c).
10
Suppose 0 = 167*m + 23*m + 22*m - 1272. Let p(h) = h**3 - 6*h**2 - 8*h + 44. Calculate p(m).
-4
Let w(j) be the first derivative of j**3/3 + 5*j**2/2 - 9*j + 61. Calculate w(-7).
5
Suppose -3*p + 1 = z - 4, z - 2*p = 0. Suppose z*v = 4*v. Suppose -27 = 5*m - h, 5*m + 2*h - h + 33 = v. Let y(n) = -n - 8. Calculate y(m).
-2
Suppose 0 = -7*v + 4*v. Let q(t) = 6 - t**2 + v*t**2 + 3*t + 7*t - 11*t. Let w = 2 - 2. Calculate q(w).
6
Let j(o) = -10*o + 9. Suppose -2*s = 7*x - 8, -4*x = 260*s - 258*s - 8. What is j(s)?
-31
Let a = -137 - -150. Let l(y) = 133 + 9*y - 139 - a*y - y**2. Calculate l(-3).
-3
Let t(b) = b**3 - 3*b**2 + 2*b + 6. Let g(u) = u**2 + 21*u + 40. Let c be g(-19). Let j be t(c). Let l(p) = p - 4. Determine l(j).
2
Let b(z) = 21*z. Suppose -4*h - k = -90, h - 2*k = -0*k + 18. Let i = 24 - h. Suppose 0 = 3*d + 2*d + c + 8, -i*d - 2*c - 8 = 0. Calculate b(d).
-21
Let l(m) = m**2 - 10*m + 7. Suppose b - 1 = -0*b, 5*b + 2 = -c. Let z(u) = -7*u - 41. Let p be z(c). Suppose -2*s + p*h + 24 = 6*h, -4*s = 5*h - 30. Give l(s).
7
Let g(a) be the second derivative of -5*a**3/6 - 3*a**2/2 + 155*a. Suppose -3*f = 44 - 17. Give g(f).
42
Let b be (2 + 14 + -15)*-5. Let t(s) = -s**3 - 8*s**2 - 11*s + 7. Determine t(b).
-13
Let v = -8 - -4. Let h(o) be the first derivative of -5*o - 3/2*o**2 - 36 + 1/3*o**3. Determine h(v).
23
Suppose 2*w - 5*v = 24, 3*w - 56 + 20 = 3*v. Let t(s) = -2*s**3 + 23*s**2 + 17*s - 51. Give t(w).
9
Let k = -39 - -29. Let g(w) = -4*w - 15. What is g(k)?
25
Let k(y) = 381*y**2 + 10. Let j(z) = 62*z**2 + 1. Let r(u) = 6*j(u) - k(u). Give r(1).
-13
Let m(h) = -2*h**2 + 415*h + 10. Let k(l) = -329*l - 10. Let w(a) = 5*k(a) + 4*m(a). Calculate w(4).
-78
Let r be 40 + (-19 - (-832)/26). Let f(l) = -l**2 + 45*l + 425. Determine f(r).
1
Let f be (-7)/(((-24)/18)/(12/(-9))). Let t(o) = -o**2 - 7*o + 12. Determine t(f).
12
Let u(q) = q**3 + 15*q**2 + 11*q + 19. Suppose i - 7*n + 5*n = -8, 2*i + 19 = 3*n. What is u(i)?
61
Let x(s) = -5175*s + 9*s**2 - 1 - 13*s**2 + 5175*s. Suppose -4*d = -r - 2, -r + 2*d = r + 4. Give x(r).
-17
Suppose -1668*y - 9 = -1664*y - j, 44 = -4*y - 4*j. Let p(m) = 2*m + 7. Let a(z) = -2*z - 6. Let h(c) = 4*a(c) + 3*p(c). Determine h(y).
5
Let q(g) be the third derivative of -11*g**4/24 - g**3 + 2*g**2. Let n(k) = 3 + 15*k + 9*k - 19*k. Let x(y) = 9*n(y) + 4*q(y). Calculate x(-5).
-2
Let z(v) be the second derivative of -v**3/3 - 43*v**2/2 - 1798*v. What is z(-29)?
15
Let h(k) = -2*k**2 + k**2 + 0 - 7 - 193*k + 176*k + 6*k**2. What is h(4)?
5
Let a be ((-6)/(-8))/(3/12). Let g(s) = 38*s + 216 - 19*s - 213 - 21*s. Give g(a).
-3
Let w(o) = 10*o**2 - 2*o. Suppose 1 = 3*m - j, -36*m - 2*j = -40*m + 4. Calculate w(m).
12
Let d be -1*(701 + -5)/(-24). Let f(n) = n**3 - 29*n**2 + n - 52. What is f(d)?
-23
Let m(t) = -t**3 - 9*t**2 + 2. Let s(a) = -2*a**2 + 4*a + 233. Let j be s(12). Give m(j).
-96
Let w = -72 + 111. Suppose x = 4*i + 4*x + w, 0 = 4*i - 5*x - 1. Let t(a) = 4 - 6 + a**2 + 2 + 8*a. Give t(i).
-12
Suppose 3*h - 132 + 72 = i, -3*h = 2*i - 24. Let x(d) = 1. Let s(v) = 2*v**2 + 25*v + 12. Let o(a) = -s(a) - 5*x(a). Determine o(i).
-5
Let c(q) be the second derivative of q**8/6720 - q**7/630 + q**6/144 - q**5/30 - 19*q**4 - 24*q + 3. Let r(y) be the third derivative of c(y). Determine r(3).
2
Let d(a) = -a - 12. Suppose -245*m - 71 - 1 = -221*m. Determine d(m).
-9
Let b(h) = -120*h. Let j(m) = 5*m. Suppose 420 = 12*o - 6*o. Let v(t) = o*j(t) + 3*b(t). Calculate v(1).
-10
Let i(v) = -6*v**3 - v**2 - v - 1. Let w(t) = -2*t**2 + 8*t + 19. Let q be w(11). Let r be ((-6)/20*-2)/((-9)/q). Suppose 7*a - 2 + r = 0. What is i(a)?
5
Let g(b) = b**3 + 12*b**2 + 32*b - 8. Suppose -22*d + 17*d + 30 = 0, -t - 24 = -3*d. Calculate g(t).
16
Let k(b) = -6*b + 80. Let a = 5021 + -5007. What is k(a)?
-4
Let u(y) = 38*y - 9993 + 3*y**2 - 4*y**2 + 10035 + 0*y**2. What is u(39)?
3
Suppose 0 = 4*l - 3*j - 54, -10 = -2*l - 3*j + 8. Let a(g) = -7*g**3 - l*g**3 + 11*g**2 - 7*g**3 + 27*g**3 + 10 + 11*g. Calculate a(-10).
0
Suppose -146*m + 243*m - 170*m + 73 = 0. Let y(f) = 111*f - 107. What is y(m)?
4
Let r(z) = 13*z - 81. Let b be 1/((-15)/35)*468/(-182). Calculate r(b).
-3
Let o = 32/7 + -121/28. Let h(d) be the first derivative of -15 - 7/3*d**3 + 4*d**2 + o*d**4 + 4*d. Calculate h(6).
16
Let u(v) = -v**2 + v - 10. Suppose -27*k + 25*k + a + 4 = 0, -5*k + 5*a = 10. Give u(k).
-40
Let g = 297 - 295. Let a(l) = l**g + 5*l + 120 - 2*l - 122. Calculate a(-3).
-2
Let k(n) = -674 + 1475 - 768 - 8*n. Give k(5).
-7
Let o = -6233 - -6238. Let r(n) = n**2 - 4*n + 15. Calculate r(o).
20
Let c(d) = 6*d + 9. Let v(i) = -7*i - 12. Let y(x) = -x + 1. Let t be y(5). Let q(r) = t*v(r) - 5*c(r). Calculate q(6).
-9
Let v(u) = u**2 - 986*u + 479*u + 30 + 480*u + 0. Suppose -182 = 12*l - 19*l. What is v(l)?
4
Let k(f) = -f**2 + 4*f + 3. Let y be k(4). Let b = -7 + y. Let q(a) = 19*a + 40. Let n(d) = 26*d + 55. Let p(g) = 8*n(g) - 11*q(g). Determine p(b).
4
Let u(w) = 3*w**2 - 2. Let q = 455 - 525. Let v = 68 + q. What is u(v)?
10
Let b(a) = a - 5. Let q = -32 - -37. Suppose -q*x - 26 = -4*c + 35, -c = -5*x - 49. Let m be 56/(-12) - (-3)/x. What is b(m)?
-10
Suppose 5*x = -2*y + 10, -3*y = -5*x + y - 20. Suppose x = 2*h + 3*g + 2, g + 6 = 2*h - 0*h. Let o(j) = -4*j + 10*j**h - 9*j**2 + 4 + j - 3*j. Calculate o(4).
-4
Let d = 9 - 9. Suppose d*r = 2*r. Let k(l) be the first derivative of -l**3/3 + l**2/2 - 3*l + 2508. Calculate k(r).
-3
Suppose -745*c = -712*c - 132. Let r(u) = -5*u**2 + 19*u - 5. Calculate r(c).
-9
Let u(h) be the third derivative of -3*h**4/8 + 293*h**3/6 + 469*h**2 - 3. Calculate u(32).
5
Suppose c + 27 = 3*p, -10 = -p - p. Let n(f) = -38*f - 458. Calculate n(c).
-2
Let y(q) be the third derivative of q**6/120 + 7*q**5/20 - 11*q**4/12 + 23*q**3/6 + 11086*q**2 - 2*q. Determine y(-22).
23
Suppose 21*q - 33 = 3*z + 26*q, -4*q = -2*z + 22. Let p(k) = 12*k**2 + 5*k + 7. Give p(z).
14
Let d(b) = -1246*b**3 + 2480*b**3 - 1233*b**3 - 20*b**2 - 83 - 17*b. Give d(21).
1
Let o(l) = l**3 + l**2 - 16*l - 3. Suppose -4*x + 66 = 2*m + 72, 0 = 5*x - 4*m + 53. Give o(x).
-23
Let h(s) = -3*s**3 + 5*s**2 - 2*s + 3. Let c(m) = -m**3 - m**2 - m. Let n(g) = c(g) - h(g). Let u be 2*(4 - 8) + (-24)/(-2). Calculate n(u).
33
Let f(k) = -3*k + 3. Let b(p) = 4*p**2 - 19*p + 1. Let s(o) = -o**2 + o. Let g(a) = 4*a + 1. Let x(i) = g(i) - 4*s(i). Let d be x(-1). Let j be b(d). Give f(j).
-15
Let i(h) = h**2 + 24*h + 45. Let j be i(-22). Let u be (j*(-12 + 6))/(1*-3). Let s(z) = 3*z**3 - 5*z**2 + 5*z - 1. Determine s(u).
13
Suppose -4*z = -238 + 206. Let g(x) = -3*x**2 + 5*x - 1. Let i(h) = -10*h**2 + 15*h - 4. Let b(d) = -7*g(d) + 2*i(d). Give b(z).
23
Let n(f) = 10*f - 60. Let g(u) = 7*u - 29. Let r(j) = -7*g(j) + 3*n(j). Give r(1).
4
Let z = 73 - 66. Let q(b) = -15*b - 17*b + 1 + z*b**2 + 38*b. Let w(k) = 3*k**2 + 3*k + 1. Let m(d) = -4*q(d) + 9*w(d). Give m(4).
1
Let a(j) = -2*j**2 + 2*j + 2. Let w(s) = -2*s**3 - 2*s**2 + 2*s + 4. Let t be w(-2). Suppose -15*v = -7*v - t. Let h = 1 + v. What is a(h)?
-2
Let z = 97 - 65. Suppose 8 = z*x - 28*x. Let k(n) = -2*n**3 + x + 0 + 4*n - 6*n + 4*n - n**2. Determine k(-2).
10
Let d = -9 + 17. Let m(u) be the first derivative of u**3/3 - 5*u**2 + 14*u + 966. What is m(d)?
-2
Suppose -3*c = -3*z - 21, 2 = -5*c - z + 37. Let x(t) = 4 - 4*t + c*t + 2. Give x(5).
21
Let m(f) = -45*f - 34. Suppose 56 = -29*v + 57 - 30. What is m(v)?
11
Suppose 0*f + 11 = f. Suppose -f*q = -13*q + 8. Let m be q + 1*2*-4. Let w(u) = -u**2 - 2*u - 1. Give w(m).
-9
Let y(v) = -6*v - 73. Let b(r) = 6*r + 49. Let m(i) = -4*b(i) - 3*y(i). Determine m(4).
-1
Let c(l) = -9*l**2 + 25*l + 5. Let a(n) = 8*n**2 - 20*n - 2. Let r(y) = -6*a(y) - 